{"id":9,"date":"2018-03-19T11:12:54","date_gmt":"2018-03-19T11:12:54","guid":{"rendered":"http:\/\/xn--kulturkombinatneuerume-j5b.de\/?page_id=9"},"modified":"2021-04-26T08:00:26","modified_gmt":"2021-04-26T08:00:26","slug":"prozess","status":"publish","type":"page","link":"http:\/\/xn--kulturkombinatneuerume-j5b.de\/?page_id=9","title":{"rendered":"Prozess. Werke von Matthias Hollefreund"},"content":{"rendered":"\n<p class=\"has-drop-cap\"> Im Oktober 2016 pr\u00e4sentierten wir \u00fcber einen Zeitraum von drei Wochen Gem\u00e4lde, Aquarelle und Zeichnungen von Matthias Hollefreund in den R\u00e4umlichkeiten der Trafostation Jena. Der im Juni 2015 verstorbene K\u00fcnstler hinterlie\u00df ein umfangreiches Lebenswerk, \u00fcber welches sein Sohn Johannes Hollefreund \u2013 Initiator und Mitbegr\u00fcnder der Gruppe \u2013 verf\u00fcgte. Somit bestand f\u00fcr uns als Kuratorengruppe die M\u00f6glichkeit, wichtige Stationen eines K\u00fcnstlerlebens anhand von ausgew\u00e4hlten Werkgruppen und Texten aufzuarbeiten und in drei Ausstellungs-Zyklen zug\u00e4nglich zu machen. <\/p>\n\n\n\n<p>1947 in Gera geboren, in West-Berlin Malerei studiert und anschlie\u00dfend vor allem dort k\u00fcnstlerisch t\u00e4tig, sammelte Matthias Hollefreund Inspirationen in einer Metropole im stetigen Umbruch und verarbeitete diese in Bild und Text. Es entstanden Werke zwischen altmeisterlicher Beherrschung des k\u00fcnstlerischen Handwerks und gedankenvollen, poetischen Abstraktionen sowie kunsttheoretische Manifeste in schriftlicher Form.<\/p>\n\n\n\n<!-- index.php -->\n<div\n\tclass=\"ngg-galleryoverview\"\n\tid=\"ngg-gallery-fbfb913602a14046b0a2cd25686ce009-1\">\n\n    \t<div class=\"slideshowlink\">\n        <a href='http:\/\/xn--kulturkombinatneuerume-j5b.de\/index.php\/nggallery\/slideshow?page_id=9'>View Slideshow<\/a>\n\t\t\n\t<\/div>\n\t\t\t<!-- Thumbnails -->\n\t\t\t\t<div id=\"ngg-image-0\" class=\"ngg-gallery-thumbnail-box\" >\n\t\t\t\t        <div class=\"ngg-gallery-thumbnail\">\n            <a href=\"http:\/\/xn--kulturkombinatneuerume-j5b.de\/wp-content\/gallery\/prozess-werke-von-matthias-hollefreund\/14194472_10205144957343112_318280177_n.png.jpeg\"\n               title=\"\"\n               data-src=\"http:\/\/xn--kulturkombinatneuerume-j5b.de\/wp-content\/gallery\/prozess-werke-von-matthias-hollefreund\/14194472_10205144957343112_318280177_n.png.jpeg\"\n               data-thumbnail=\"http:\/\/xn--kulturkombinatneuerume-j5b.de\/wp-content\/gallery\/prozess-werke-von-matthias-hollefreund\/thumbs\/thumbs_14194472_10205144957343112_318280177_n.png.jpeg\"\n               data-image-id=\"87\"\n               data-title=\"Plakat zur Ausstellung &quot;Prozess&quot;\"\n               data-description=\"\"\n               data-image-slug=\"14194472_10205144957343112_318280177_n-png\"\n               class=\"ngg-simplelightbox\" rel=\"fbfb913602a14046b0a2cd25686ce009\">\n                <img\n                    title=\"Plakat zur Ausstellung &quot;Prozess&quot;\"\n                    alt=\"Plakat zur Ausstellung &quot;Prozess&quot;\"\n                    src=\"http:\/\/xn--kulturkombinatneuerume-j5b.de\/wp-content\/gallery\/prozess-werke-von-matthias-hollefreund\/thumbs\/thumbs_14194472_10205144957343112_318280177_n.png.jpeg\"\n                    width=\"240\"\n                    height=\"160\"\n                    style=\"max-width:100%;\"\n                \/>\n            <\/a>\n        <\/div>\n\t\t\t\t\t\t\t<\/div> \n\t\t\t\n                            \n\t\t\t\t<div id=\"ngg-image-1\" class=\"ngg-gallery-thumbnail-box\" >\n\t\t\t\t        <div class=\"ngg-gallery-thumbnail\">\n            <a href=\"http:\/\/xn--kulturkombinatneuerume-j5b.de\/wp-content\/gallery\/prozess-werke-von-matthias-hollefreund\/11-e1526116300166.jpg\"\n               title=\"\"\n               data-src=\"http:\/\/xn--kulturkombinatneuerume-j5b.de\/wp-content\/gallery\/prozess-werke-von-matthias-hollefreund\/11-e1526116300166.jpg\"\n               data-thumbnail=\"http:\/\/xn--kulturkombinatneuerume-j5b.de\/wp-content\/gallery\/prozess-werke-von-matthias-hollefreund\/thumbs\/thumbs_11-e1526116300166.jpg\"\n               data-image-id=\"86\"\n               data-title=\"Matthias Hollefreund\"\n               data-description=\"\"\n               data-image-slug=\"11-e1526116300166\"\n               class=\"ngg-simplelightbox\" rel=\"fbfb913602a14046b0a2cd25686ce009\">\n                <img\n                    title=\"Matthias Hollefreund\"\n                    alt=\"Matthias Hollefreund\"\n                    src=\"http:\/\/xn--kulturkombinatneuerume-j5b.de\/wp-content\/gallery\/prozess-werke-von-matthias-hollefreund\/thumbs\/thumbs_11-e1526116300166.jpg\"\n                    width=\"240\"\n                    height=\"160\"\n                    style=\"max-width:100%;\"\n                \/>\n            <\/a>\n        <\/div>\n\t\t\t\t\t\t\t<\/div> \n\t\t\t\n                            \n\t\t\t\t<div id=\"ngg-image-2\" class=\"ngg-gallery-thumbnail-box\" >\n\t\t\t\t        <div class=\"ngg-gallery-thumbnail\">\n            <a href=\"http:\/\/xn--kulturkombinatneuerume-j5b.de\/wp-content\/gallery\/prozess-werke-von-matthias-hollefreund\/09-e1526116222321.jpg\"\n               title=\"Beschreibung\"\n               data-src=\"http:\/\/xn--kulturkombinatneuerume-j5b.de\/wp-content\/gallery\/prozess-werke-von-matthias-hollefreund\/09-e1526116222321.jpg\"\n               data-thumbnail=\"http:\/\/xn--kulturkombinatneuerume-j5b.de\/wp-content\/gallery\/prozess-werke-von-matthias-hollefreund\/thumbs\/thumbs_09-e1526116222321.jpg\"\n               data-image-id=\"96\"\n               data-title=\"Matthias Hollefreund\"\n               data-description=\"Beschreibung\"\n               data-image-slug=\"09-e1526116222321\"\n               class=\"ngg-simplelightbox\" rel=\"fbfb913602a14046b0a2cd25686ce009\">\n                <img\n                    title=\"Matthias Hollefreund\"\n                    alt=\"Matthias Hollefreund\"\n                    src=\"http:\/\/xn--kulturkombinatneuerume-j5b.de\/wp-content\/gallery\/prozess-werke-von-matthias-hollefreund\/thumbs\/thumbs_09-e1526116222321.jpg\"\n                    width=\"240\"\n                    height=\"160\"\n                    style=\"max-width:100%;\"\n                \/>\n            <\/a>\n        <\/div>\n\t\t\t\t\t\t\t<\/div> \n\t\t\t\n                                    <br style=\"clear: both\" \/>\n                    \n\t\t\t\t<div id=\"ngg-image-3\" class=\"ngg-gallery-thumbnail-box\" >\n\t\t\t\t        <div class=\"ngg-gallery-thumbnail\">\n            <a href=\"http:\/\/xn--kulturkombinatneuerume-j5b.de\/wp-content\/gallery\/prozess-werke-von-matthias-hollefreund\/14915369_1205504109495179_495413434391205560_n.jpg\"\n               title=\"\"\n               data-src=\"http:\/\/xn--kulturkombinatneuerume-j5b.de\/wp-content\/gallery\/prozess-werke-von-matthias-hollefreund\/14915369_1205504109495179_495413434391205560_n.jpg\"\n               data-thumbnail=\"http:\/\/xn--kulturkombinatneuerume-j5b.de\/wp-content\/gallery\/prozess-werke-von-matthias-hollefreund\/thumbs\/thumbs_14915369_1205504109495179_495413434391205560_n.jpg\"\n               data-image-id=\"89\"\n               data-title=\"14915369_1205504109495179_495413434391205560_n\"\n               data-description=\"\"\n               data-image-slug=\"14915369_1205504109495179_495413434391205560_n\"\n               class=\"ngg-simplelightbox\" rel=\"fbfb913602a14046b0a2cd25686ce009\">\n                <img\n                    title=\"14915369_1205504109495179_495413434391205560_n\"\n                    alt=\"14915369_1205504109495179_495413434391205560_n\"\n                    src=\"http:\/\/xn--kulturkombinatneuerume-j5b.de\/wp-content\/gallery\/prozess-werke-von-matthias-hollefreund\/thumbs\/thumbs_14915369_1205504109495179_495413434391205560_n.jpg\"\n                    width=\"240\"\n                    height=\"160\"\n                    style=\"max-width:100%;\"\n                \/>\n            <\/a>\n        <\/div>\n\t\t\t\t\t\t\t<\/div> \n\t\t\t\n                            \n\t\t\t\t<div id=\"ngg-image-4\" class=\"ngg-gallery-thumbnail-box\" >\n\t\t\t\t        <div class=\"ngg-gallery-thumbnail\">\n            <a href=\"http:\/\/xn--kulturkombinatneuerume-j5b.de\/wp-content\/gallery\/prozess-werke-von-matthias-hollefreund\/IMG_7458.jpg\"\n               title=\"\"\n               data-src=\"http:\/\/xn--kulturkombinatneuerume-j5b.de\/wp-content\/gallery\/prozess-werke-von-matthias-hollefreund\/IMG_7458.jpg\"\n               data-thumbnail=\"http:\/\/xn--kulturkombinatneuerume-j5b.de\/wp-content\/gallery\/prozess-werke-von-matthias-hollefreund\/thumbs\/thumbs_IMG_7458.jpg\"\n               data-image-id=\"93\"\n               data-title=\"Hollefreund 2016\"\n               data-description=\"\"\n               data-image-slug=\"img_7458\"\n               class=\"ngg-simplelightbox\" rel=\"fbfb913602a14046b0a2cd25686ce009\">\n                <img\n                    title=\"Hollefreund 2016\"\n                    alt=\"Hollefreund 2016\"\n                    src=\"http:\/\/xn--kulturkombinatneuerume-j5b.de\/wp-content\/gallery\/prozess-werke-von-matthias-hollefreund\/thumbs\/thumbs_IMG_7458.jpg\"\n                    width=\"240\"\n                    height=\"160\"\n                    style=\"max-width:100%;\"\n                \/>\n            <\/a>\n        <\/div>\n\t\t\t\t\t\t\t<\/div> \n\t\t\t\n                            \n\t\t\t\t<div id=\"ngg-image-5\" class=\"ngg-gallery-thumbnail-box\" >\n\t\t\t\t        <div class=\"ngg-gallery-thumbnail\">\n            <a href=\"http:\/\/xn--kulturkombinatneuerume-j5b.de\/wp-content\/gallery\/prozess-werke-von-matthias-hollefreund\/IMG_7499.jpg\"\n               title=\"\"\n               data-src=\"http:\/\/xn--kulturkombinatneuerume-j5b.de\/wp-content\/gallery\/prozess-werke-von-matthias-hollefreund\/IMG_7499.jpg\"\n               data-thumbnail=\"http:\/\/xn--kulturkombinatneuerume-j5b.de\/wp-content\/gallery\/prozess-werke-von-matthias-hollefreund\/thumbs\/thumbs_IMG_7499.jpg\"\n               data-image-id=\"94\"\n               data-title=\"IMG_7499\"\n               data-description=\"\"\n               data-image-slug=\"img_7499\"\n               class=\"ngg-simplelightbox\" rel=\"fbfb913602a14046b0a2cd25686ce009\">\n                <img\n                    title=\"IMG_7499\"\n                    alt=\"IMG_7499\"\n                    src=\"http:\/\/xn--kulturkombinatneuerume-j5b.de\/wp-content\/gallery\/prozess-werke-von-matthias-hollefreund\/thumbs\/thumbs_IMG_7499.jpg\"\n                    width=\"240\"\n                    height=\"160\"\n                    style=\"max-width:100%;\"\n                \/>\n            <\/a>\n        <\/div>\n\t\t\t\t\t\t\t<\/div> \n\t\t\t\n                                    <br style=\"clear: both\" \/>\n                    \n\t\t\n\t\t<!-- Pagination -->\n\t<div class='ngg-navigation'><span class='current'>1<\/span>\n<a class='page-numbers' data-pageid='2' href='http:\/\/xn--kulturkombinatneuerume-j5b.de\/index.php\/nggallery\/page\/2?page_id=9'>2<\/a>\n<a class='prev' href='http:\/\/xn--kulturkombinatneuerume-j5b.de\/index.php\/nggallery\/page\/2?page_id=9' data-pageid=2>&#9658;<\/a><\/div>\t<\/div>\n\n\n\n\n<p class=\"has-drop-cap\">Aus einer Schaffensperiode von 1974 bis 2014 wurden im Rahmen der Ausstellung Arbeiten gezeigt, die den Werdegang des Malers nachvollziehbar machten. Unser Anspruch war es, diesen speziellen k\u00fcnstlerischen Arbeits- und Entwicklungsprozess auch hinsichtlich seiner Universalit\u00e4t f\u00fcr einen K\u00fcnstlerlebenslauf im Allgemeinen zu untersuchen. Hierf\u00fcr wurden besonders die Umst\u00e4nde der Ausbildung, die Beeinflussung durch andere Maler, der k\u00fcnstlerische Zeitgeist und die Entwicklung eines eigenen Stils ins Auge gefasst und gezielt thematisiert.<\/p>\n","protected":false},"excerpt":{"rendered":"<p>Im Oktober 2016 pr\u00e4sentierten wir \u00fcber einen Zeitraum von drei Wochen Gem\u00e4lde, Aquarelle und Zeichnungen von Matthias Hollefreund in den R\u00e4umlichkeiten der Trafostation Jena. Der im Juni 2015 verstorbene K\u00fcnstler hinterlie\u00df ein umfangreiches Lebenswerk, \u00fcber welches sein Sohn Johannes Hollefreund \u2013 Initiator und Mitbegr\u00fcnder der Gruppe \u2013 verf\u00fcgte. Somit bestand f\u00fcr uns als Kuratorengruppe die [&hellip;]<\/p>\n","protected":false},"author":1,"featured_media":155,"parent":0,"menu_order":1,"comment_status":"closed","ping_status":"closed","template":"","meta":{"ngg_post_thumbnail":0},"_links":{"self":[{"href":"http:\/\/xn--kulturkombinatneuerume-j5b.de\/index.php?rest_route=\/wp\/v2\/pages\/9"}],"collection":[{"href":"http:\/\/xn--kulturkombinatneuerume-j5b.de\/index.php?rest_route=\/wp\/v2\/pages"}],"about":[{"href":"http:\/\/xn--kulturkombinatneuerume-j5b.de\/index.php?rest_route=\/wp\/v2\/types\/page"}],"author":[{"embeddable":true,"href":"http:\/\/xn--kulturkombinatneuerume-j5b.de\/index.php?rest_route=\/wp\/v2\/users\/1"}],"replies":[{"embeddable":true,"href":"http:\/\/xn--kulturkombinatneuerume-j5b.de\/index.php?rest_route=%2Fwp%2Fv2%2Fcomments&post=9"}],"version-history":[{"count":17,"href":"http:\/\/xn--kulturkombinatneuerume-j5b.de\/index.php?rest_route=\/wp\/v2\/pages\/9\/revisions"}],"predecessor-version":[{"id":707,"href":"http:\/\/xn--kulturkombinatneuerume-j5b.de\/index.php?rest_route=\/wp\/v2\/pages\/9\/revisions\/707"}],"wp:featuredmedia":[{"embeddable":true,"href":"http:\/\/xn--kulturkombinatneuerume-j5b.de\/index.php?rest_route=\/wp\/v2\/media\/155"}],"wp:attachment":[{"href":"http:\/\/xn--kulturkombinatneuerume-j5b.de\/index.php?rest_route=%2Fwp%2Fv2%2Fmedia&parent=9"}],"curies":[{"name":"wp","href":"https:\/\/api.w.org\/{rel}","templated":true}]}}