{"id":7,"date":"2018-03-19T11:12:54","date_gmt":"2018-03-19T11:12:54","guid":{"rendered":"http:\/\/xn--kulturkombinatneuerume-j5b.de\/?page_id=7"},"modified":"2021-04-26T16:12:22","modified_gmt":"2021-04-26T16:12:22","slug":"kurz-theaterspektakel","status":"publish","type":"page","link":"http:\/\/xn--kulturkombinatneuerume-j5b.de\/?page_id=7","title":{"rendered":"Die vierte B\u00fchne 2017"},"content":{"rendered":"\n<div class=\"wp-block-group\"><div class=\"wp-block-group__inner-container is-layout-flow\">\n<p class=\"has-drop-cap has-normal-font-size\">Im August 2017 realisierten wir eine Freiluft-Ausstellung im Rahmen des  von der Freien B\u00fchne Jena e.V. organisierten KURZ.Theaterspektakels. Auf  dem Schott-Platz im Jenaer Forst sollte eine vielgestaltige  Kunstausstellung entstehen, die sowohl dem besonderen Ort als auch dem  \u00fcbergeordneten Theaterkontext gerecht werden w\u00fcrde. Hierzu luden wir  insgesamt 14 vornehmlich junge K\u00fcnstlerInnen ein, die sich diesen Thematiken in ihren Werken auf ganz unterschiedliche Weise  annahmen. <\/p>\n<\/div><\/div>\n\n\n\n<!-- index.php -->\n<div\n\tclass=\"ngg-galleryoverview\"\n\tid=\"ngg-gallery-a7d4e38e82429be6c3dcb0dd269a372b-1\">\n\n    \t<div class=\"slideshowlink\">\n        <a href='http:\/\/xn--kulturkombinatneuerume-j5b.de\/index.php\/nggallery\/slideshow?page_id=7'>View Slideshow<\/a>\n\t\t\n\t<\/div>\n\t\t\t<!-- Thumbnails -->\n\t\t\t\t<div id=\"ngg-image-0\" class=\"ngg-gallery-thumbnail-box\" >\n\t\t\t\t        <div class=\"ngg-gallery-thumbnail\">\n            <a href=\"http:\/\/xn--kulturkombinatneuerume-j5b.de\/wp-content\/gallery\/die-vierte-buehne-2017\/A1_Plakat.jpg\"\n               title=\"\"\n               data-src=\"http:\/\/xn--kulturkombinatneuerume-j5b.de\/wp-content\/gallery\/die-vierte-buehne-2017\/A1_Plakat.jpg\"\n               data-thumbnail=\"http:\/\/xn--kulturkombinatneuerume-j5b.de\/wp-content\/gallery\/die-vierte-buehne-2017\/thumbs\/thumbs_A1_Plakat.jpg\"\n               data-image-id=\"41\"\n               data-title=\"Plakat, Kurz.Theaterspektakel\"\n               data-description=\"\"\n               data-image-slug=\"a1_plakat\"\n               class=\"ngg-simplelightbox\" rel=\"a7d4e38e82429be6c3dcb0dd269a372b\">\n                <img\n                    title=\"Plakat, Kurz.Theaterspektakel\"\n                    alt=\"Plakat, Kurz.Theaterspektakel\"\n                    src=\"http:\/\/xn--kulturkombinatneuerume-j5b.de\/wp-content\/gallery\/die-vierte-buehne-2017\/thumbs\/thumbs_A1_Plakat.jpg\"\n                    width=\"240\"\n                    height=\"160\"\n                    style=\"max-width:100%;\"\n                \/>\n            <\/a>\n        <\/div>\n\t\t\t\t\t\t\t<\/div> \n\t\t\t\n                            \n\t\t\t\t<div id=\"ngg-image-1\" class=\"ngg-gallery-thumbnail-box\" >\n\t\t\t\t        <div class=\"ngg-gallery-thumbnail\">\n            <a href=\"http:\/\/xn--kulturkombinatneuerume-j5b.de\/wp-content\/gallery\/die-vierte-buehne-2017\/A6-Flyer_4Buehne_2017.jpg\"\n               title=\"\"\n               data-src=\"http:\/\/xn--kulturkombinatneuerume-j5b.de\/wp-content\/gallery\/die-vierte-buehne-2017\/A6-Flyer_4Buehne_2017.jpg\"\n               data-thumbnail=\"http:\/\/xn--kulturkombinatneuerume-j5b.de\/wp-content\/gallery\/die-vierte-buehne-2017\/thumbs\/thumbs_A6-Flyer_4Buehne_2017.jpg\"\n               data-image-id=\"98\"\n               data-title=\"Plakat, &quot;Die vierte B\u00fchne&quot; 2017\"\n               data-description=\"\"\n               data-image-slug=\"a6-flyer_4buehne_2017\"\n               class=\"ngg-simplelightbox\" rel=\"a7d4e38e82429be6c3dcb0dd269a372b\">\n                <img\n                    title=\"Plakat, &quot;Die vierte B\u00fchne&quot; 2017\"\n                    alt=\"Plakat, &quot;Die vierte B\u00fchne&quot; 2017\"\n                    src=\"http:\/\/xn--kulturkombinatneuerume-j5b.de\/wp-content\/gallery\/die-vierte-buehne-2017\/thumbs\/thumbs_A6-Flyer_4Buehne_2017.jpg\"\n                    width=\"240\"\n                    height=\"160\"\n                    style=\"max-width:100%;\"\n                \/>\n            <\/a>\n        <\/div>\n\t\t\t\t\t\t\t<\/div> \n\t\t\t\n                            \n\t\t\t\t<div id=\"ngg-image-2\" class=\"ngg-gallery-thumbnail-box\" >\n\t\t\t\t        <div class=\"ngg-gallery-thumbnail\">\n            <a href=\"http:\/\/xn--kulturkombinatneuerume-j5b.de\/wp-content\/gallery\/die-vierte-buehne-2017\/max3.jpg\"\n               title=\"\"\n               data-src=\"http:\/\/xn--kulturkombinatneuerume-j5b.de\/wp-content\/gallery\/die-vierte-buehne-2017\/max3.jpg\"\n               data-thumbnail=\"http:\/\/xn--kulturkombinatneuerume-j5b.de\/wp-content\/gallery\/die-vierte-buehne-2017\/thumbs\/thumbs_max3.jpg\"\n               data-image-id=\"55\"\n               data-title=\"Die vierte B\u00fchne\"\n               data-description=\"\"\n               data-image-slug=\"max3\"\n               class=\"ngg-simplelightbox\" rel=\"a7d4e38e82429be6c3dcb0dd269a372b\">\n                <img\n                    title=\"Die vierte B\u00fchne\"\n                    alt=\"Die vierte B\u00fchne\"\n                    src=\"http:\/\/xn--kulturkombinatneuerume-j5b.de\/wp-content\/gallery\/die-vierte-buehne-2017\/thumbs\/thumbs_max3.jpg\"\n                    width=\"240\"\n                    height=\"160\"\n                    style=\"max-width:100%;\"\n                \/>\n            <\/a>\n        <\/div>\n\t\t\t\t\t\t\t<\/div> \n\t\t\t\n                                    <br style=\"clear: both\" \/>\n                    \n\t\t\t\t<div id=\"ngg-image-3\" class=\"ngg-gallery-thumbnail-box\" >\n\t\t\t\t        <div class=\"ngg-gallery-thumbnail\">\n            <a href=\"http:\/\/xn--kulturkombinatneuerume-j5b.de\/wp-content\/gallery\/die-vierte-buehne-2017\/andre2.jpg\"\n               title=\"\"\n               data-src=\"http:\/\/xn--kulturkombinatneuerume-j5b.de\/wp-content\/gallery\/die-vierte-buehne-2017\/andre2.jpg\"\n               data-thumbnail=\"http:\/\/xn--kulturkombinatneuerume-j5b.de\/wp-content\/gallery\/die-vierte-buehne-2017\/thumbs\/thumbs_andre2.jpg\"\n               data-image-id=\"49\"\n               data-title=\"Die vierte B\u00fchne\"\n               data-description=\"\"\n               data-image-slug=\"andre2\"\n               class=\"ngg-simplelightbox\" rel=\"a7d4e38e82429be6c3dcb0dd269a372b\">\n                <img\n                    title=\"Die vierte B\u00fchne\"\n                    alt=\"Die vierte B\u00fchne\"\n                    src=\"http:\/\/xn--kulturkombinatneuerume-j5b.de\/wp-content\/gallery\/die-vierte-buehne-2017\/thumbs\/thumbs_andre2.jpg\"\n                    width=\"240\"\n                    height=\"160\"\n                    style=\"max-width:100%;\"\n                \/>\n            <\/a>\n        <\/div>\n\t\t\t\t\t\t\t<\/div> \n\t\t\t\n                            \n\t\t\t\t<div id=\"ngg-image-4\" class=\"ngg-gallery-thumbnail-box\" >\n\t\t\t\t        <div class=\"ngg-gallery-thumbnail\">\n            <a href=\"http:\/\/xn--kulturkombinatneuerume-j5b.de\/wp-content\/gallery\/die-vierte-buehne-2017\/andre8.jpg\"\n               title=\"\"\n               data-src=\"http:\/\/xn--kulturkombinatneuerume-j5b.de\/wp-content\/gallery\/die-vierte-buehne-2017\/andre8.jpg\"\n               data-thumbnail=\"http:\/\/xn--kulturkombinatneuerume-j5b.de\/wp-content\/gallery\/die-vierte-buehne-2017\/thumbs\/thumbs_andre8.jpg\"\n               data-image-id=\"52\"\n               data-title=\"Die vierte B\u00fchne\"\n               data-description=\"\"\n               data-image-slug=\"andre8\"\n               class=\"ngg-simplelightbox\" rel=\"a7d4e38e82429be6c3dcb0dd269a372b\">\n                <img\n                    title=\"Die vierte B\u00fchne\"\n                    alt=\"Die vierte B\u00fchne\"\n                    src=\"http:\/\/xn--kulturkombinatneuerume-j5b.de\/wp-content\/gallery\/die-vierte-buehne-2017\/thumbs\/thumbs_andre8.jpg\"\n                    width=\"240\"\n                    height=\"160\"\n                    style=\"max-width:100%;\"\n                \/>\n            <\/a>\n        <\/div>\n\t\t\t\t\t\t\t<\/div> \n\t\t\t\n                            \n\t\t\t\t<div id=\"ngg-image-5\" class=\"ngg-gallery-thumbnail-box\" >\n\t\t\t\t        <div class=\"ngg-gallery-thumbnail\">\n            <a href=\"http:\/\/xn--kulturkombinatneuerume-j5b.de\/wp-content\/gallery\/die-vierte-buehne-2017\/20907010_1444137102347215_753029777_o.jpg\"\n               title=\"\"\n               data-src=\"http:\/\/xn--kulturkombinatneuerume-j5b.de\/wp-content\/gallery\/die-vierte-buehne-2017\/20907010_1444137102347215_753029777_o.jpg\"\n               data-thumbnail=\"http:\/\/xn--kulturkombinatneuerume-j5b.de\/wp-content\/gallery\/die-vierte-buehne-2017\/thumbs\/thumbs_20907010_1444137102347215_753029777_o.jpg\"\n               data-image-id=\"46\"\n               data-title=\"Die vierte B\u00fchne\"\n               data-description=\"\"\n               data-image-slug=\"20907010_1444137102347215_753029777_o\"\n               class=\"ngg-simplelightbox\" rel=\"a7d4e38e82429be6c3dcb0dd269a372b\">\n                <img\n                    title=\"Die vierte B\u00fchne\"\n                    alt=\"Die vierte B\u00fchne\"\n                    src=\"http:\/\/xn--kulturkombinatneuerume-j5b.de\/wp-content\/gallery\/die-vierte-buehne-2017\/thumbs\/thumbs_20907010_1444137102347215_753029777_o.jpg\"\n                    width=\"240\"\n                    height=\"160\"\n                    style=\"max-width:100%;\"\n                \/>\n            <\/a>\n        <\/div>\n\t\t\t\t\t\t\t<\/div> \n\t\t\t\n                                    <br style=\"clear: both\" \/>\n                    \n\t\t\n\t\t<!-- Pagination -->\n\t<div class='ngg-navigation'><span class='current'>1<\/span>\n<a class='page-numbers' data-pageid='2' href='http:\/\/xn--kulturkombinatneuerume-j5b.de\/index.php\/nggallery\/page\/2?page_id=7'>2<\/a>\n<a class='page-numbers' data-pageid='3' href='http:\/\/xn--kulturkombinatneuerume-j5b.de\/index.php\/nggallery\/page\/3?page_id=7'>3<\/a>\n<a class='prev' href='http:\/\/xn--kulturkombinatneuerume-j5b.de\/index.php\/nggallery\/page\/2?page_id=7' data-pageid=2>&#9658;<\/a><\/div>\t<\/div>\n\n\n\n\n<p class=\"has-drop-cap\"> Die zwei Wochen vor Veranstaltungsbeginn verbrachten wir gemeinsam mit  den K\u00fcnstlerInnen auf dem Schott-Platz. In der t\u00e4glichen Auseinandersetzung  mit dessen Dualit\u00e4t als Natur- und Kulturraum \u2013 die verlassenen Geb\u00e4ude  auf dem verwilderten Waldgebiet zeugen von der ebenso langj\u00e4hrigen wie  wechselhaften Nutzungsgeschichte des Platzes \u2013 erwuchsen ortsbezogene  Skulpturen, Installationen und Environments sowie Fotografien,  Videoprojektionen und Performances. Unter Ausnutzung der Potenziale  dieser unterschiedlichen k\u00fcnstlerischen Gattungen und Medien wurden  verschiedene Aspekte des Ausstellungsthemas beleuchtet. H\u00e4ufig waren dabei M\u00f6glichkeiten der Partizipation von zentraler Wichtigkeit. Gerahmt durch eine aufwendige Ausstellungsarchitektur, verbanden sich die zahlreichen Kunstwerke zu einem zusammenh\u00e4ngenden, artifiziellen  Mikrokosmos, in den die Besucher eintauchen konnten. Anders als bei den  drei B\u00fchnen des Theaterfestivals konnten sie sich auf dieser vierten B\u00fchne ihrer Rolle als Zuschauende entledigen und selbst zu Akteuren werden. <\/p>\n","protected":false},"excerpt":{"rendered":"<p>Im August 2017 realisierten wir eine Freiluft-Ausstellung im Rahmen des von der Freien B\u00fchne Jena e.V. organisierten KURZ.Theaterspektakels. Auf dem Schott-Platz im Jenaer Forst sollte eine vielgestaltige Kunstausstellung entstehen, die sowohl dem besonderen Ort als auch dem \u00fcbergeordneten Theaterkontext gerecht werden w\u00fcrde. Hierzu luden wir insgesamt 14 vornehmlich junge K\u00fcnstlerInnen ein, die sich diesen Thematiken [&hellip;]<\/p>\n","protected":false},"author":1,"featured_media":747,"parent":0,"menu_order":2,"comment_status":"closed","ping_status":"closed","template":"","meta":{"ngg_post_thumbnail":0},"_links":{"self":[{"href":"http:\/\/xn--kulturkombinatneuerume-j5b.de\/index.php?rest_route=\/wp\/v2\/pages\/7"}],"collection":[{"href":"http:\/\/xn--kulturkombinatneuerume-j5b.de\/index.php?rest_route=\/wp\/v2\/pages"}],"about":[{"href":"http:\/\/xn--kulturkombinatneuerume-j5b.de\/index.php?rest_route=\/wp\/v2\/types\/page"}],"author":[{"embeddable":true,"href":"http:\/\/xn--kulturkombinatneuerume-j5b.de\/index.php?rest_route=\/wp\/v2\/users\/1"}],"replies":[{"embeddable":true,"href":"http:\/\/xn--kulturkombinatneuerume-j5b.de\/index.php?rest_route=%2Fwp%2Fv2%2Fcomments&post=7"}],"version-history":[{"count":26,"href":"http:\/\/xn--kulturkombinatneuerume-j5b.de\/index.php?rest_route=\/wp\/v2\/pages\/7\/revisions"}],"predecessor-version":[{"id":748,"href":"http:\/\/xn--kulturkombinatneuerume-j5b.de\/index.php?rest_route=\/wp\/v2\/pages\/7\/revisions\/748"}],"wp:featuredmedia":[{"embeddable":true,"href":"http:\/\/xn--kulturkombinatneuerume-j5b.de\/index.php?rest_route=\/wp\/v2\/media\/747"}],"wp:attachment":[{"href":"http:\/\/xn--kulturkombinatneuerume-j5b.de\/index.php?rest_route=%2Fwp%2Fv2%2Fmedia&parent=7"}],"curies":[{"name":"wp","href":"https:\/\/api.w.org\/{rel}","templated":true}]}}